+ -42?
-20
In base 15, what is -2 - -1d0e?
1d0c
In base 4, what is 0 - -12203?
12203
In base 16, what is 5 - f5?
-f0
In base 13, what is -1 - 5?
-6
In base 5, what is 3 - 103220?
-103212
In base 6, what is -1 - -21?
20
In base 4, what is 2102 - -10?
2112
In base 7, what is -16 - -1?
-15
In base 9, what is 2124 - -1?
2125
In base 12, what is 73 + 2?
75
In base 2, what is 10000000010001 + -11?
10000000001110
In base 12, what is 16b + -1?
16a
In base 13, what is 8 - 6a?
-62
In base 11, what is -471 + -1?
-472
In base 6, what is -4241 + 5?
-4232
In base 8, what is 13 + -114?
-101
In base 15, what is 2 - -33?
35
In base 3, what is -102100 + 1?
-102022
In base 9, what is 1 - 863?
-862
In base 14, what is -3b6 - -4?
-3b2
In base 7, what is 133 + -14?
116
In base 10, what is 52 - -5?
57
In base 2, what is 1 - -101011?
101100
In base 5, what is -133 + 41?
-42
In base 11, what is 5a + -110?
-61
In base 11, what is -1925 + -3?
-1928
In base 13, what is -1 - a27?
-a28
In base 11, what is 4 - -201?
205
In base 12, what is 20 - 5?
17
In base 16, what is 9 + -4f3?
-4ea
In base 5, what is 3111 + -13?
3043
In base 16, what is 3 - 37?
-34
In base 5, what is -3 - -1402?
1344
In base 10, what is 11 - -11?
22
In base 15, what is 0 - -49?
49
In base 7, what is -111 - 32?
-143
In base 8, what is 2 - -2430?
2432
In base 3, what is 2 - 1002112?
-1002110
In base 14, what is -7 - -c9?
c2
In base 5, what is -3 + -40320?
-40323
In base 6, what is -1 - 114?
-115
In base 4, what is 1 + 10011?
10012
In base 3, what is -1201 + -12?
-1220
In base 6, what is -2101 + 3?
-2054
In base 9, what is 60 + 5?
65
In base 11, what is -69a - -1?
-699
In base 6, what is -2 - -1534?
1532
In base 7, what is 103 - -16?
122
In base 5, what is -1 - -4443?
4442
In base 13, what is -3 + 126?
123
In base 10, what is 7163 - -4?
7167
In base 6, what is 5 + 35?
44
In base 8, what is -15 + -12?
-27
In base 8, what is -41 + 6?
-33
In base 12, what is 2287 + -9?
227a
In base 6, what is -355 - 2?
-401
In base 15, what is -2a - -8?
-22
In base 13, what is -1658 + -6?
-1661
In base 15, what is -a2 + -4?
-a6
In base 11, what is 336 + -2?
334
In base 4, what is 20221212 - -3?
20221221
In base 6, what is -21232 + -13?
-21245
In base 12, what is 1 - -347a?
347b
In base 16, what is 0 - 19ee?
-19ee
In base 3, what is -2010 - -21?
-1212
In base 15, what is 5 - -413?
418
In base 13, what is -46 + 4a?
4
In base 6, what is 224 + -302?
-34
In base 14, what is -a2 + -10?
-b2
In base 3, what is 10 + -210?
-200
In base 16, what is c + -d?
-1
In base 8, what is 102 + -275?
-173
In base 12, what is a1 + -4?
99
In base 3, what is 11210 - 12?
11121
In base 16, what is -3 + -2cc?
-2cf
In base 16, what is 184 + -2?
182
In base 4, what is -31 - -23?
-2
In base 6, what is -51 + 405?
314
In base 10, what is 183 - 10?
173
In base 4, what is -1102 - 0?
-1102
In base 11, what is 6 - a?
-4
In base 3, what is 200 - 201?
-1
In base 9, what is 3 - -5003?
5006
In base 9, what is -5 - -1384?
1378
In base 11, what is 41 + 4?
45
In base 4, what is -2112 + 0?
-2112
In base 7, what is -3 + 1465?
1462
In base 15, what is 2 - -56e?
571
In base 16, what is 59 + -161?
-108
In base 9, what is 0 - 57?
-57
In base 8, what is 52 - 2?
50
In base 3, what is -10 + -21022?
-21102
In base 16, what is 4 + -33?
-2f
In base 8, what is 157 - -4?
163
In base 15, what is -2 - 85?
-87
In base 12, what is 10b - -2?
111
In base 13, what is -a + 3a9?
39c
In base 13, what is 2 - -42?
44
In base 10, what is -4 - 24?
-28
In base 8, what is 0 + 54?
54
In base 3, what is -1000122101 + -12?
-1000122120
In base 11, what is 3a - 88?
-49
In base 10, what is -2 - 47?
-49
In base 7, what is 1 - 6?
-5
In base 7, what is -4532 + 5?
-4524
In base 8, what is -165 + -1?
-166
In base 12, what is -7 - -177?
170
In base 6, what is -4542 + -2?
-4544
In base 9, what is 0 + -65?
-65
In base 12, what is 5237 - -5?
5240
In base 9, what is 1434 - -5?
1440
In base 6, what is -2425 - 0?
-2425
In base 11, what is 2a - -a?
39
In base 4, what is -1 + -202?
-203
In base 12, what is -5 + 5a4?
59b
In base 5, what is 2 - -2212?
2214
In base 8, what is -2 + -211?
-213
In base 7, what is -10 + 16?
6
In base 15, what is 27 - -1c?
44
In base 7, what is 521 + 1?
522
In base 4, what is 1222 + 0?
1222
In base 15, what is 7b1 + -3?
7ad
In base 3, what is 20120 - -2?
20122
In base 4, what is -221 - 11?
-232
In base 10, what is 3 + -3334?
-3331
In base 4, what is 12 + 22?
100
In base 3, what is 12 + -210?
-121
In base 16, what is -22b - -5?
-226
In base 13, what is -a31 - 5?
-a36
In base 10, what is -5 - -4826?
4821
In base 9, what is 6 - -1153?
1160
In base 6, what is 12 + 10?
22
In base 5, what is -24 + -222?
-301
In base 16, what is -57d - 4?
-581
In base 15, what is -132e + -1?
-1330
In base 2, what is -100 + 111010?
110110
In base 5, what is 4 - 3232?
-3223
In base 15, what is -1 + 720?
71e
In base 5, what is -4 + 1120?
1111
In base 16, what is -1 - bf?
-c0
In base 4, what is -313 - 1?
-320
In base 13, what is 5 + -348?
-343
In base 3, what is -110200200 + -1?
-110200201
In base 4, what is 11000 - -3?
11003
In base 8, what is 3 - 215?
-212
In base 6, what is 242 + -1?
241
In base 9, what is -21 + 88?
67
In base 4, what is 3 - 1?
2
In base 9, what is 5567 - -1?
5568
In base 8, what is -2742 + -4?
-2746
In base 3, what is -1012 - 22?
-1111
In base 6, what is 4 - 1214?
-1210
In base 5, what is 1 + -23?
-22
In base 10, what is -5 - 138?
-143
In base 6, what is 2120 - 5?
2111
In base 4, what is 0 + 132101?
132101
In base 7, what is -10 - 21?
-31
In base 3, what is -2200 + -1?
-2201
In base 2, what is 10010 + 110101?
1000111
In base 11, what is -63 - -3?
-60
In base 12, what is 5 + -19?
-14
In base 11, what is -253 - 2?
-255
In base 3, what is 21102 - -1?
21110
In base 9, what is 123 - -3?
126
In base 9, what is 160 - -104?
264
In base 11, what is -6 - -812?
807
In base 11, what is 0 - 48?
-48
In base 2, what is 11010011011 + -101?
11010010110
In base 6, what is -1 + 122?
121
In base 14, what is cc + 57?
145
In base 12, what is 34 + 181?
1b5
In base 4, what is 2 + -11022?
-11020
In base 3, what is 2 - 121121?
-121112
In base 9, what is -1318 - 1?
-1320
In base 12, what is 24 + -28?
-4
In base 3, what is -2 - 101?
-110
In base 14, what is -170 - -2?
-16c
In base 14, what is -4 + 39a?
396
In base 11, what is 5 + 948?
952
In base 8, what is -4 + 1472?
1466
In base 4, what is 0 + -123003?
-123003
In base 7, what is 10 - 104?
-64
In base 9, what is 2 - -165?
167
In base 5, what is -1143 - 14?
-1212
In base 3, what is -2 + 2121?
2112
In base 9, what is 4 + 174?
178
In base 7, what is 3 - -632?
635
In base 8, what is -303 + 1?
-302
In base 16, what is d - f4?
-e7
In base 13, what is 3a - -6?
43
In base 8, what is -14 - -757?
743
In base 15, what is 215 - -8?
21d
In base 10, what is -30 - 1?
-31
In base 7, what is 2 - 354?
-352
In base 4, what is 2022 - -32?
2120
In base 14, what is 56 + -7?
4d
In base 7, what is -1402 + -5?
-1410
In base 9, what is 8 - -455?
464
In base 15, what is -23e + -4?
-243
In base 10, what is 6979 - -1?
6980
In base 14, what is -73 - 4?
-77
In base 3, what is 2001 + 1?
2002
In base 5, what is -303424 + 3?
-303421
In base 3, what is 102100 - 2?
102021
In base 9, what is 2 - -121?
123
In base 12, what is 19 - 45?
-28
In base 16, what is -3 + ce?
cb
In base 5, what is 20 - 1302?
-1232
In base 8, what is -10552 + 2?
-10550
In base 11, what is 7 + -104?
-a8
In base 8, what is 211 + 0?
211
In base 13, what is 6a9b - -3?
6aa1
In base 12, what is -5 + -14b6?
-14bb
In base 16, what is -7c - -8?
-74
In base 2, what is 11000111011 + -100?
11000110111
In base 9, what is 26 - 7?
18
In base 8, what is -2 - 3?
-5
In base 3, what is -1220 - -11?
-1202
In base 11, what is -987 + -1?
-988
In base 5, what is 1224 - -104?
1333
In base 16, what is 9dd + -4?
9d9
In base 3, what is 11 + -211?
-200
In base 14, what is -3c + 8?
-34
In base 15, what is -2273 - -4?
-226e
In base 11, what is 14a - 3?
147
In base 10, what is 397 + 16?
413
In base 13, what is -2a + -5?
-32
In base 2, what is 1001 + 10110?
11111
In base 14, what is -5db - 1?
-5dc
In base 3, what is 1112 + 11?
1200
In base 2, what is -10011100 - -1?
-10011011
In base 11, what is -384 - 7?
-390
In base 13, what is 59 + 4?
60
In base 13, what is -4a8 +